derivative of n - 3*l - 1/2*l**2. Give q(-6).
3
Let u(z) be the first derivative of -z**3/3 - 7*z**2/2 + 4*z - 21. Let s(n) = -n**3 + 2*n**2 + 6*n - 6. Let o be s(4). Let r = -20 - o. Determine u(r).
10
Let t = -5 + 10. Suppose 12 = -t*n - 13. Let w(b) = b**2 + 6*b - 1. Let v be w(n). Let f(z) = -z**2 - 5*z + 7. Determine f(v).
1
Let y(i) = -i**3 + 3*i**2 + i - 2. Let z(r) = r**3 + 4*r**2 - 5*r + 3. Let g(f) = -f**2 - 6*f + 2. Let n be g(-7). Let v be z(n). Give y(v).
1
Let c(u) be the first derivative of 1/24*u**4 - 1/40*u**5 + 3 + 0*u + 7/3*u**3 + 0*u**2. Let t(w) be the third derivative of c(w). Calculate t(-1).
4
Let t be (22/8 + 0)*(-4 - -8). Suppose 0 = -4*s + 12, s = -h - 3*s + t. Let j(m) = 9*m + 1. Give j(h).
-8
Let q(w) = -3*w. Let s(t) = -12*t + 13. Let g(o) = 5*q(o) - s(o). Determine g(-9).
14
Let m(f) = 6*f - 19. Let a be m(4). Let x(y) = -3*y**2 + 2*y + y**3 - 2*y**2 - 2*y - y - 1. What is x(a)?
-6
Let z(b) be the first derivative of 2/3*b**3 + 47 - 3*b**2 - 4*b. Suppose 5*x - 9 = 4*r, -4*r + 2 = -2*x - r. Calculate z(x).
16
Let z(p) be the first derivative of 1/2*p**2 + 6 + 2*p. Calculate z(-5).
-3
Let h(o) = -o**2 - 6*o + 5. Let n = -859 - -853. Give h(n).
5
Let m be (-2 + 1 - -3) + 24/(-4). Let d(v) = -v**2 + 6*v + 41. Let y be d(m). Let h(u) = -4*u**3 + 2*u**2 - 1. Give h(y).
-3
Suppose i + c = -7, 0*i + c = 4*i + 23. Let d(o) be the second derivative of -o + 0 + 2*o**2 - 1/12*o**4 - 2/3*o**3. Determine d(i).
-8
Let y(w) = w - 1. Let a be (4 + -14)*(31/5 + -1). Suppose -2*n - 22 = n - 2*k, -4*n - 4*k - 56 = 0. Let t be a/n - (-5)/(-25). Give y(t).
4
Let r(y) be the second derivative of -1/12*y**4 + 0*y**2 - 41*y - 5/6*y**3 + 0. Calculate r(-6).
-6
Let i = 55 + -43. Suppose 41 = -i*d + 5. Let s(v) be the first derivative of -v**3/3 - v**2 + 3*v + 1. What is s(d)?
0
Let m(z) = -z**2 + 12*z - 6. Suppose -26 + 10 = -b + 5*v, -v = -2*b + 14. What is m(b)?
30
Let h(x) = -x**3 - 14*x**2 - 12*x + 16. Let q be h(-13). Let n(b) = 97 + 9*b**2 - 2*b**2 - b**q - 105 - 4*b. Give n(6).
4
Let f(d) = 3*d + 1. Let x(h) = 10*h + 4. Let k(v) = 16*f(v) - 5*x(v). Let m = -37 + 30. Let n be (0 - 6)*m/14. Give k(n).
-10
Let u(m) be the third derivative of 0 - 13*m**2 + 0*m - 1/120*m**6 - 5/6*m**3 + 1/15*m**5 + 1/4*m**4. Calculate u(5).
0
Suppose 3*d - 9 = -2*y + 1, 0 = 5*y + 5. Let r(x) = -x + 4*x + 0*x - d*x. What is r(6)?
-6
Suppose -260*k + 288*k = 280. Let l(c) = -11*c + 112. Calculate l(k).
2
Let h(p) = -p**2 - 7*p - 5. Let b be -3*(-16)/60 - (-24)/(-5). Determine h(b).
7
Let p(a) = -2*a**3 + 3*a**2 + a - 2. Let u(c) = -1 + 2 - 3*c - 7 + 4*c. Let o be u(8). Determine p(o).
-4
Let t(k) be the second derivative of -k**3 + 3*k**2/2 - k. Suppose -3*q + 12 = -3*l, 5*q + 5*l - 33 + 23 = 0. What is t(q)?
-15
Let x = 376 - 379. Let i(n) = n**3 - 2*n**2 - n - 3. What is i(x)?
-45
Let j(q) = 2*q + 31. Let f be j(-14). Suppose 2*r + 3*v - 1 = 0, f*v - 5 = -2*r + 4*r. Let c(w) = 14*w**3 - w. Give c(r).
-13
Let o(j) = -118*j + 4 + 61*j + j**3 - 4*j**2 + 2 - 3 + 55*j. Determine o(2).
-9
Let d(h) be the first derivative of 3*h**2/2 - h - 1. Let k = 22 - 44. Let q = 24 + k. Give d(q).
5
Let z = 31 - 31. Suppose 2 = -2*j - 3*s - 5, -3*j - s - 14 = z. Let v(i) = -i**3 - 6*i**2 - 2*i - 7. Give v(j).
-22
Let k(p) = 4*p + 1. Let s be 12/(-8) + ((-6)/4 - -1). Let o be (s/10)/(2/(-10)). What is k(o)?
5
Let o(x) be the third derivative of -x**5/30 - x**4/24 + x**3/3 + 2*x**2 - 34*x. Calculate o(-3).
-13
Let l(i) = -11*i**3 - 3*i + 10*i**3 - 3*i + 3*i**2 + 2*i**3 + 6. Suppose -3*b = u + 24 - 6, 2*b + 2*u + 16 = 0. What is l(b)?
-14
Let u(r) = r**3 - 7 - 17197*r**2 + 14*r - 6 + 17213*r**2. What is u(-15)?
2
Let g(y) be the first derivative of -3 - 6*y - 1/3*y**3 - 7/2*y**2. Suppose -254 = 58*v - 22. What is g(v)?
6
Let y(z) = 22*z**2 + z. Let b = -154 - -153. Give y(b).
21
Let y(a) = 3*a + 5. Let p = 579 - 582. Give y(p).
-4
Let p be 2/3 - (-2)/(-3). Let u be p + -2 + (-8)/(-1). Let g(f) = -4 + f**3 - 2*f + 19 + f - 40*f**2 - 9 + 34*f**2. What is g(u)?
0
Let a = -13 - -13. Suppose -36 = 4*w - 0*i + 2*i, a = -2*w + 3*i - 18. Let s(l) = -l**2 - 9*l + 4. Determine s(w).
4
Let i(n) = -n**3 - 6*n**2 + 18*n + 9. Let c be i(-8). Let b(g) = 2*g + 8. What is b(c)?
-6
Let t(b) = 5*b - 19*b + 225 - 243 + 3*b**3 - 3*b**3 + 13*b**2 + b**3. Determine t(-14).
-18
Let o(u) be the second derivative of -u**5/20 - u**4/3 - u**3/2 - 2*u**2 - 598*u. Suppose 5*n = 15 - 35. Give o(n).
8
Suppose 5 = -d + 7. Let v(f) = -f**d - 5 + 3 + 2 - 2. Give v(-3).
-11
Let g(l) = -19*l**2 + 13*l - 10. Let k(p) = 25*p**2 - 14*p + 9. Let j(t) = 4*g(t) + 3*k(t). Calculate j(6).
11
Let u(m) = 5*m**2 + m - 11. Let q(i) = 27*i**2 + 4*i - 57. Let k(w) = -2*q(w) + 11*u(w). Calculate k(0).
-7
Let g(y) = -y - 1. Let v(c) = c**3 - 18*c**2 + 3*c - 45. Suppose 1 = 2*i + w - 35, 3*i - 2*w - 54 = 0. Let m be v(i). Determine g(m).
-10
Let x(r) = -r**2 + 9*r - 6. Let d(u) = u**3 - 6*u**2 + 10*u - 16. Let n be d(5). Calculate x(n).
-6
Suppose -o - 18 = 9*m - 5*m, 5*m = -5*o - 45. Let v(w) = -w**2 - 9*w - 14. Calculate v(o).
4
Let a(x) = -x + 21. Let h be a(22). Let m(w) = 19*w**2 + 2*w + 1. Give m(h).
18
Let c(r) = -5*r + 43. Let y(b) = -b + 11. Let u(m) = -2*c(m) + 9*y(m). Calculate u(-8).
5
Let a(y) be the second derivative of -y**6/360 + y**5/120 + y**4/6 - 7*y**3/2 + 3*y. Let v(k) be the second derivative of a(k). What is v(6)?
-26
Let d(n) = 1 + 164*n**2 + 3*n - 87*n**2 - 84*n**2. Let i(m) = 10*m**2 - 5*m - 1. Let w(v) = 7*d(v) + 5*i(v). What is w(6)?
14
Let k(g) be the third derivative of g**4/6 - 183*g**2. Calculate k(6).
24
Let x(n) be the first derivative of -2*n**4 - 2*n**3/3 + n**2 - n - 3. Let g be x(1). Let d(w) = w**3 + 8*w**2 - 10*w - 12. What is d(g)?
-3
Let m(d) be the third derivative of -d**6/240 + d**5/40 - 5*d**4/6 + 10*d**2. Let p(k) be the second derivative of m(k). Calculate p(5).
-12
Let a be -2*(-6)/(-4) - -1. Let p(s) = -7*s + 2. Let r(q) = -7*q + 1. Let m(d) = -3*p(d) + 4*r(d). What is m(a)?
12
Let o be -5 + (-1 + 84/27)*3. Let u(h) be the third derivative of 0 + 0*h + o*h**3 - 1/24*h**4 + 4*h**2. Calculate u(7).
1
Let m = 14 - 9. Let r(c) = c**3 - 6*c**2 + 4*c. Calculate r(m).
-5
Let l be ((-44)/(-231)*-9)/(4/14). Let n(y) = y. Let p(j) = -5*j - 5. Let t(g) = 3*n(g) + p(g). Determine t(l).
7
Let c(t) = -2*t - 1. Let i(y) = -5*y - 30. Let b(p) = -3*c(p) + i(p). Calculate b(22).
-5
Let p(x) = -x**2 + x + 2. Let w(v) be the second derivative of -v**4/3 + v**3/6 + v**2 - 2*v. Let i be w(2). Let h be (2 - 27/12)*i. What is p(h)?
-4
Let o be (-22)/(-231) - 172/42. Let x(t) = -t**2 - t - 1. Give x(o).
-13
Let m(j) = -j + 4. Let d be (-7)/(14/4) - (-1 - 1). Let t be 1 - -2 - (d - 2). Calculate m(t).
-1
Let c(n) = 225*n**3 + 4 - 2 + 6*n**2 - 4*n - 226*n**3 + 1. Let b = 5 - 0. Give c(b).
8
Let o(n) = 2*n**2 - 7*n + 43. Let h(w) = -w**2 + 3*w - 21. Let j(t) = -5*h(t) - 3*o(t). Let x(i) be the first derivative of j(i). What is x(5)?
-4
Let o(t) = -5*t**2 - 1. Suppose l - 6 = -11. Let k(c) = -c**3 - 5*c**2 + 3*c + 17. Let d be k(l). Determine o(d).
-21
Let h(d) be the second derivative of 13*d - 1/12*d**4 - 4/3*d**3 + 0 - 1/2*d**2. Calculate h(-8).
-1
Let t(m) = 8 + 16*m**3 + 5*m - 15*m**3 - 9 - m**2. Let r(q) = 2*q**3 - 2*q**2 + 11*q - 2. Let c = 1 + -8. Let y(s) = c*t(s) + 3*r(s). Calculate y(1).
-1
Suppose -6*z + 6 + 6 = 0. Let t(p) = 4 + 0 + p**z - 5*p - 7 - 2*p**2. Give t(-3).
3
Let r = -417 - -420. Let m(n) = n - 7. Determine m(r).
-4
Let d(p) = p**2 - 6. Let t be (1 + 5)*(-4)/(-8). Suppose 0 = -t*l + 9*l. What is d(l)?
-6
Suppose 0 = 6*o - 3*o + 4*r - 27, o - 2*r - 9 = 0. Let v(p) = -3*p**2 - 20*p + 7. Let b(s) = 4*s**2 + 30*s - 11. Let t(l) = -5*b(l) - 7*v(l). What is t(o)?
-3
Suppose -2*d - 3 = 5. Let l(j) be the first derivative of j**3/3 + 3*j**2 + j + 636. Determine l(d).
-7
Let j be 73/4 - (-8 + 16)/32. Let a = -13 + j. Let b(s) = 2*s**2 + 7*s + 9. Let i(x) = -3*x**2 - 8*x - 10. Let n(d) = -4*b(d) - 3*i(d). Give n(a).
-1
Let b(v) = 23*v - 3. Let q(w) = 42*w - 6. Let r(u) = -7*b(u) + 4*q(u). Give r(3).
18
Let a(k) = k**3 + k**2 + 8. Let c(n) = -9*n + 18*n - 3*n**2 - 4*n - 8*n. Let d be c(-1). What is a(d)?
8
Suppose 8 = 2*a + 2. Let r be (a/(-6))/(8/(-80)). Let i(h) = -2*h + 7. Determine i(r